71 = -6*g + 77. What is the hundreds digit of g?
1
Let o(d) = -3*d**3 - 3*d - 3. Let r be o(-2). What is the tens digit of r - -17 - (3 - 1)?
4
Let q = 41 + -27. What is the units digit of q?
4
Suppose 2*u - u - 3*q - 72 = 0, 84 = u + 3*q. What is the units digit of u?
8
Let j be -3 - (-1 + -1 - -1). Let v be ((-1)/2)/(j/44). Let c = v + -8. What is the units digit of c?
3
Suppose -x + 0*x = -7. Suppose 4*d - 39 + x = 0. What is the units digit of d?
8
Suppose -o = -0*o - 2. Suppose 5*t - 3*b - 2 - 7 = 0, o*b + 6 = 0. Let x = 2 - t. What is the units digit of x?
2
Suppose -25*x + 29*x = 300. What is the units digit of x?
5
Let m be 0 - (-2 + (5 - 2)). What is the tens digit of (m - 1)*(-78)/4?
3
Let n(t) = t**2 - 3. Let o(x) = -x. Let m(d) = -n(d) - 5*o(d). Let q be m(6). Let u(v) = -v. What is the units digit of u(q)?
3
Let d be (-4)/10*(1 + -11). Suppose -d*g + 61 + 15 = 0. What is the tens digit of g?
1
Suppose 3*x - 5*i = 74, 2*i = 7*x - 4*x - 62. What is the tens digit of x?
1
Suppose 8*t - 22 = 7*t. What is the units digit of t?
2
Let q = -7 - -25. What is the units digit of q?
8
Let p be 302/6*-1*3. Let g be (-4)/20 + p/(-5). What is the units digit of ((-15)/25)/((-2)/g)?
9
Let s be (-11)/55 - (-9)/(-5). Let q(v) = -5*v**3 - v**2 - 1. What is the tens digit of q(s)?
3
Let m = 3 + -8. What is the tens digit of 720/25 + (-1)/m?
2
Let o(a) = -47*a + 2. Let n be o(-2). Suppose n = 5*z - 3*z. Suppose 2*p + 3*p = -m + 12, 4*m = 2*p + z. What is the units digit of m?
2
What is the units digit of 22*((-3)/6)/(5/(-35))?
7
Let w(z) = 2*z**3 - 6*z**2 + 5. Let x(v) = -5*v**3 + 13*v**2 - 11. Let q(l) = 9*w(l) + 4*x(l). Let g be ((-1)/2)/(1/2). What is the units digit of q(g)?
1
Suppose 0 = -4*h, 0 = 3*y - 0*h + 5*h - 1023. What is the units digit of y?
1
Suppose 4*s + s = 180. What is the units digit of s?
6
Suppose 4*k + 162 = 2*z, 0 = 5*z + 4*k + 50 - 525. What is the tens digit of z?
9
Suppose 29 + 31 = 2*p. Let q = p - 18. What is the tens digit of q?
1
Suppose 3*q = 2*q + 3. Let k be q - -2*(-1)/(-2). Suppose -c - k*s + 2*s + 4 = 0, s = c - 10. What is the units digit of c?
8
Let n = -14 - -23. Let c = 15 - n. What is the units digit of c?
6
Suppose -2*q + q + 4 = 0. Suppose 0*p - 3*p = -3*y - 12, -q = -p + 5*y. What is the units digit of p?
4
What is the units digit of 11/(33/108) - -2?
8
Let r(p) = -13*p - 11. Let u(j) = 7*j + 6. Let y(w) = -6*r(w) - 11*u(w). Let l be y(-2). What is the units digit of 2 - (l + 1 + 1)?
2
Suppose -24 = -3*h + 3*u, -3*h + 0*u = u - 12. Let n = -3 + h. What is the units digit of (n + (-5 - 2))*-1?
5
Suppose 3*i = 16 - 1. What is the units digit of i?
5
Let f(j) = -4*j**2 - 13*j - 5. Let i(m) = -9*m**2 - 27*m - 10. Let p(q) = 7*f(q) - 3*i(q). Let n be p(-9). Let o = 3 + n. What is the units digit of o?
7
Suppose -54 = -5*v + 3*v. Let i = v - 4. What is the tens digit of i?
2
Let r = 1 - -1. Suppose 3*a = r*a + 2. Suppose 0 = 4*l - 2 - a. What is the units digit of l?
1
Let f(b) be the second derivative of 4*b**3/3 - 3*b**2/2 - 2*b. Let m be f(2). Suppose j + 4*c = -0*j + m, 13 = 2*j - 5*c. What is the units digit of j?
9
Let d(m) = -m**3 - 6*m**2 - 3*m + 5. What is the tens digit of d(-7)?
7
Suppose 2 = 4*f + 3*a, -7*f + 2*f + 8 = a. What is the units digit of (f/(-3))/(4/(-6))?
1
Let x be (-3 + (3 - 2))/(-1). Suppose 3 = -x*p - 3. What is the units digit of (2/(-8))/(p/156)?
3
Let x = 118 + -84. Let p = x + 3. What is the units digit of p?
7
Let s be -5*2/(0 - 2). Suppose g - 8 = s. What is the units digit of g?
3
Let l(x) = 9 + 2*x**2 - 3 + 0*x**2 + 11*x + 0*x**2. What is the tens digit of l(-8)?
4
Let r(u) = 2*u**2 + 0*u**2 + 13 - 3*u**2 - 8*u. Let d be r(-9). Suppose 2*m = 2*x - 30, d*x = x + m + 35. What is the tens digit of x?
1
What is the tens digit of (13 + -217)*1/(-3)?
6
Suppose -3*n - n = 0, 125 = x + 4*n. What is the units digit of x?
5
Suppose -4*f - 6 = -66. Let m = f + -9. What is the units digit of m?
6
Suppose 0 = -5*p + 35 + 80. What is the units digit of p?
3
Suppose 2*g - 2*x - 20 = -5*x, 0 = 5*g + 3*x - 41. Let t = g - 0. What is the units digit of t?
7
Suppose -f = -5 + 3. Suppose -3*q - 2 = -r, -f*r + 0*q = -q - 24. What is the units digit of r?
4
Let l(y) = -y**2 + y + 9. What is the units digit of l(0)?
9
Let f = 76 + -42. What is the units digit of f/8 + 2/(-8)?
4
Suppose 102 = b - 0*b - o, b + 2*o - 93 = 0. What is the tens digit of b?
9
Suppose 3*u + 13 = -0*c + 2*c, -c - 5*u = -26. Suppose -3*f + c = -1. What is the units digit of f?
4
Let k(b) = b. Let j be k(5). Suppose -5*i = j - 55. What is the tens digit of i?
1
Let o(h) = -h**3 - 2*h - 3*h**2 + 2 - 2*h**2 - h**3 - 3. Let i be o(-3). Suppose 4*u - 3*u - i = 5*y, 3*u + 3*y = 6. What is the units digit of u?
4
Let j(z) = z**3 + 9*z**2 + 8*z + 7. What is the tens digit of j(-6)?
6
Let q(f) = -3*f**3 - 5*f**2 - 2*f - 4. What is the units digit of q(-4)?
6
Suppose -9*y = -4*y - 50. Let d be 26/y - (-20)/50. What is the units digit of -2 + (-2 + d)*6?
4
Suppose 3*f + 5*b = 4*f + 10, -f = -2*b - 5. What is the tens digit of f?
1
Suppose 2*w = 2*b - 4 - 6, 0 = 3*b - 2*w - 13. Let m = 0 + 4. Suppose 0*l - 13 = -m*q - b*l, 0 = -3*q + 2*l + 31. What is the units digit of q?
7
Let n be 4 + (5*-2 - -3). What is the tens digit of (-1)/n + (-428)/(-12)?
3
Suppose 11*x - 21 = -2*y + 6*x, 0 = -2*y - 2*x + 12. Suppose 2*z - 5*t = 23, -5*z + 2*t = 1 - 6. Let w = z + y. What is the units digit of w?
2
Let d = 4 - -1. Suppose -d*n + 175 = -2*w, -3*n + 109 = 3*w - 5*w. What is the units digit of n?
3
Suppose 2*f + f = 3*m + 162, 0 = 4*f - m - 207. What is the tens digit of f?
5
What is the tens digit of 4 + -3 - -13 - -3?
1
Suppose 0 = -5*s + 59 - 4. Let z = -5 + s. What is the units digit of z?
6
Let y(j) be the third derivative of -j**4/6 - 7*j**3/6 - 4*j**2. What is the units digit of y(-5)?
3
What is the units digit of 447/12 - 1/4?
7
Let w = -5 - -7. Suppose -3*u = -v + u + 17, 18 = w*v - 4*u. What is the units digit of (-7)/(v*(-1 + 0))?
7
Let k(l) = l + 7. What is the tens digit of k(5)?
1
Suppose 4*r + 26 = -2*x, 5*r + 45 = -5*x - 0*x. Let n be 2/8 - 230/(-40). Let j = n + r. What is the units digit of j?
2
Let d be 0/(-6 - -3) + 1. Let p(u) = 16*u - 1. What is the units digit of p(d)?
5
Let b = -13 + 12. What is the units digit of (25*-1)/b + -3?
2
Let x(g) = g**2 + 4*g + 1. Let p be x(-3). Let a be -2 + 3 + 2 + p. Let q = 4 + a. What is the units digit of q?
5
Suppose 2*g - g = 71. What is the units digit of g?
1
Suppose 3*d + 1 = 7. Let i = 1 + d. What is the units digit of i/(-1)*(-2 - -1)?
3
Let n be ((-36)/(-16))/(1/40). Suppose -5*x + 135 = -n. What is the tens digit of x?
4
Let g(z) = 11*z - 2. Let o(x) = 10*x - 3. Let k(m) = -4*g(m) + 3*o(m). What is the units digit of k(-1)?
3
Suppose 0 = -0*b - 5*b + 210. Suppose 5*p + 12 = 4*v + b, -p + 6 = -v. What is the units digit of 1 + p - (-2 + 2)?
7
What is the units digit of 28/182 - (-206)/13?
6
Suppose 3 = -3*h - 2*q, -9 = h - 0*h - 2*q. Let t be 1*h*(-3 - -2). What is the tens digit of 21/1 + (0 - t)?
1
Let w = -156 + 271. What is the units digit of w?
5
Suppose 5*h - 5*o + 2*o - 19 = 0, 33 = 5*h + 4*o. Suppose -22 = -h*x - 72. Let g = -6 - x. What is the units digit of g?
4
Suppose -j + x + 41 = -0*x, -155 = -4*j + x. What is the tens digit of j?
3
Let x = 21 + -18. What is the units digit of x?
3
Suppose 5*o - 230 = -5*c, c - o - 122 = -2*c. What is the tens digit of c?
4
Let h be 52/6*39/26. Let z = 19 + h. What is the tens digit of z?
3
Let a(i) = 4*i**3 + 4*i**2 + 3*i - 21. Let v(f) = 5*f**3 + 5*f**2 + 4*f - 22. Let n(d) = -4*a(d) + 3*v(d). What is the units digit of n(0)?
8
Let o be (-16 - 2)*(0 - 1). Suppose 5*m + 3*w - 19 = 0, -4*w + 4 = m - 10. Suppose -o = -m*s - s. What is the units digit of s?
6
Let f = 21 + -13. What is the units digit of f?
8
Let k = 119 + -32. What is the units digit of k?
7
Suppose 2*x - 33 = -2*m + 269, 0 = 3*x - m - 441. What is the units digit of x?
8
Let t = -23 - -61. What is the tens digit of t?
3
Let c(w) = -w**2 - 2*w + 1. Let b be c(-2). Let i = b + -4. What is the units digit of 2 - (0/i - 6)?
8
Let w(c) = 6*c - 3 - 12 + 10. Let p be w(5). Suppose 6*a = a - 5*f + p, 5*f - 17 = -3*a. What is the units digit of a?
4
Let n = -34 + 82. What i